is the hundreds digit of v?
1
Let r(d) = 62*d - 119*d + 51*d + 1 + 43*d. Let u(f) = f**3 + 6*f**2 - 8*f - 6. Let w be u(-7). What is the units digit of r(w)?
8
Suppose b - 5*j = 600, 423 = b + j - 201. What is the units digit of b?
0
Let a = 6 - 2. Suppose -a*m + 42 + 0 = -5*h, 15 = -3*h - m. What is the units digit of 634/18 - h/(-27)?
5
Let s(q) = 15*q**2 + 44*q - 484. What is the units digit of s(15)?
1
Let o(h) = -h + 6. Let y be o(2). Let u(z) = -3*z + 61 + y*z**2 + 4*z**3 - 61. What is the units digit of u(2)?
2
Let r = 5686 + -2104. What is the hundreds digit of r?
5
Let i = 61 + -59. Suppose 71 = i*m + 5*n - 0*n, m - 63 = 3*n. What is the units digit of m?
8
Suppose 0 = -0*r + 2*r - 52. Let q = r - -64. Suppose -2*x + 63 = -5*l, -x + 4*l = -3*x + q. What is the units digit of x?
9
What is the hundreds digit of (2/4)/((2 - -1)/942)?
1
What is the hundreds digit of 5 + (6 - 202*-4)?
8
Suppose 10*d - 2374 - 9476 = 0. What is the tens digit of d?
8
Let g = -292 + 637. Let x = g + -202. What is the hundreds digit of x?
1
Suppose h + 28 - 4 = 0. Let l = 27 + h. Suppose -82 - 104 = -l*o. What is the tens digit of o?
6
Suppose -9 = 3*o, -97*o = -2*s - 93*o + 5828. What is the thousands digit of s?
2
Suppose -3*m - 5*x = -20, -3*x + x = -m - 8. Suppose m = -2*w + 6*w - 304. What is the units digit of w/10 - 2/(-5)?
8
Let m be 7/((-28)/96) + 2. Let x be (-88)/10*(-2 - m). Let k = -117 - x. What is the units digit of k?
9
Let a = -30 + 43. Let h(g) = g**2 - 13*g + 10. Let x be h(a). What is the tens digit of x/((-3)/(2 - 5))?
1
Suppose -h = -6*h, r - 774 = h. What is the units digit of r?
4
Suppose w = -5*n + 7*n + 135, n - 290 = -2*w. What is the hundreds digit of w?
1
Suppose 5*p - 5*w - 152 = 108, -2*w + 246 = 5*p. What is the tens digit of p?
5
Suppose 4*t = -17*f + 15*f + 5260, 1315 = t + 2*f. What is the units digit of t?
5
Let f(g) = -g**3 - 8*g**2 - 34*g + 45. What is the thousands digit of f(-12)?
1
Suppose 4*r - 6 = 2*r. Suppose 5*f - r*g + 0*g - 70 = 0, -2*f + 17 = g. Let w(u) = -u**2 + 12*u + 8. What is the tens digit of w(f)?
1
Let d be 2/(-4) + 66/4. Suppose -3*r - 3 = 9, 23 = 5*u - 2*r. Suppose 35 = u*h - d. What is the units digit of h?
7
Let p(x) = 352*x - 980. What is the tens digit of p(5)?
8
Let v = 375 + -326. What is the units digit of v?
9
Let g be 7 + -11 + 8/2. Let o be (-2)/(-8) - (-11)/4. Suppose -5*d + o*b + 176 = g, 5*b - b = 12. What is the tens digit of d?
3
Let y(c) = 1866*c**2 - 13*c - 11. What is the units digit of y(-1)?
8
Suppose s + 118 - 2132 = 0. What is the units digit of s?
4
Let y = 234 + 399. What is the units digit of y?
3
Let i(r) = 2*r**2 + r + 22. Let b be (-2)/(-6) + (-280)/(-60). What is the units digit of i(b)?
7
What is the tens digit of -8 - 49/(-14)*220?
6
Let x be -4 + ((-1)/(-2) - (-9338)/28). Suppose 2*v = 4*u + x, -v + 5*v - u - 632 = 0. What is the tens digit of v?
5
Let l = 158 + 25. What is the units digit of l?
3
Suppose 4*h + c = 2330, 6*h + 2322 = 10*h - 3*c. What is the units digit of h?
2
Let x = 78 - 80. Suppose -p + 2 = 4. What is the units digit of 0 + (p - x) + 2?
2
Let n(t) = t**2 + 12*t + 65. What is the units digit of n(-23)?
8
Let a(h) = 6*h + 47. Let p be a(-7). Suppose -5*d + 4*m = -719, -514 = -p*d - 4*m + 237. What is the hundreds digit of d?
1
What is the tens digit of (-81)/45*2075/(-15)?
4
Suppose 24*s - 21*s - 303 = 0. What is the units digit of s?
1
Let l = -61 - -83. Let m = 35 - l. What is the units digit of m?
3
Suppose 0 = 5*s - 54 + 9. Let d(q) = q**3 - 10*q**2 + 9*q. Let a be d(s). Suppose 2*x = -4*m - x + 37, a = -m - 4*x + 19. What is the units digit of m?
7
Let d be (-4)/(-6) + (-170)/(-15). Let r be (-4)/d + (-16)/(-3). Suppose r*b - 33 = 7. What is the units digit of b?
8
Let c be 2/8 - ((-95)/20 + 0). Let b be (-1 - -20 - 0) + 1. Suppose b - 140 = -4*v + 4*u, -c*v + u + 138 = 0. What is the units digit of v?
7
Let a(z) = 64*z**2 - 1. What is the tens digit of a(-1)?
6
What is the tens digit of (-2352)/(-5 - -1) + 2*-1?
8
What is the units digit of 3/((-27)/6)*(-178 + 10)?
2
Let u be -7 + (1 - (-4 - -1)). Let o be (u + 2)*(4 - 20). Suppose 29 + o = 3*p. What is the units digit of p?
5
Let p be 0 + 59 + 3 - 2. Suppose 0 = 3*a - 0*a - p. Let g = -7 + a. What is the tens digit of g?
1
Suppose 2*i + 2*i = 0. Suppose 2 = -k + 2*c, -23*k - 36 = -18*k + 3*c. Let z = i - k. What is the units digit of z?
6
Suppose 16 = 2*r + 3*s, 2*r + 0*s = -s + 8. Suppose 0 = r*a + a + 306. What is the units digit of a/(-4) + (-3)/2?
4
Suppose -3*s = q - 8930, -s = -50*q + 54*q - 2962. What is the thousands digit of s?
2
Let y(n) = 66*n - 46. Let w(i) = 13*i - 9. Let h(r) = -16*w(r) + 3*y(r). What is the units digit of h(-4)?
6
Let c be ((-2)/4)/((-1)/(-4)). What is the units digit of 8/12*3*c/(-4)?
1
Suppose 4*t = 2*o, 5*o - 20 = -4*t - 6. Let g be (o + -1)*(34 - 6). Suppose -94 = -5*a - i, 2*i = 2*a - 0*i - g. What is the units digit of a?
8
Let z(l) = 119*l**3 + 3*l - 3. Let s(x) = -x - 5. Let g be s(-6). What is the hundreds digit of z(g)?
1
Suppose 268 + 194 = 42*g. What is the units digit of g?
1
Suppose 0 = y + d - 316 - 146, -4*y + 1838 = 2*d. What is the units digit of y?
7
Suppose 3*j + h = 414, -4*j + 4*h - 2*h + 552 = 0. What is the hundreds digit of j?
1
Let d = -465 + 893. What is the hundreds digit of d?
4
Suppose -7 = q - 9. Let m be (60/3)/(q - 1). Suppose m - 56 = -a. What is the units digit of a?
6
Let x(b) = b**3 - 14*b**2 + 2*b - 33. Let p be x(16). Suppose 67 = -6*q + p. What is the units digit of q?
4
Suppose x = 5*a + 429, 4*x - a - 1764 = 3*a. What is the hundreds digit of x?
4
Suppose 304*a - 2684 = 300*a. What is the hundreds digit of a?
6
Let l be (-50)/(-10)*(1 + (-241)/(-5)). Suppose 4*k + 2*o - l = 68, 2*k = 4*o + 142. What is the tens digit of k?
7
Suppose -2*p + 13 = 3*m, 2*p = -m + 1 + 6. Suppose 0 = m*n + c + 50, -3*n + n + 3*c = 48. Let w = 77 + n. What is the units digit of w?
9
Let p = -60 - 15. What is the hundreds digit of (324/15)/((-5)/p)?
3
Let n = 309 + -289. What is the tens digit of n?
2
Let d = -10 - -11. What is the units digit of 56 + (3 + -3)*d?
6
Suppose -71*f + 50672 = -55*f. What is the units digit of f?
7
Let m(u) = 3*u - 5. Let w be m(10). Suppose -223 = -4*l + w. Suppose -182 + l = -5*i. What is the units digit of i?
4
Let u = 46 - 42. What is the units digit of (u - 10)*86/(-4)?
9
Let v = 22 - 16. Let b = 4 - v. What is the units digit of (7 + -3)*b*-1?
8
Suppose 4 = -2*f, 2*f = -2*g + 3*g - 1. What is the units digit of ((-111)/(g/(-1)))/(-1)?
7
Let w(l) = l**3 + 7*l**2 - 16. Let d be w(-7). Let o(r) = -r + 4. What is the tens digit of o(d)?
2
Suppose 4*o - 2*h - 2900 = 0, -14*o + 18*o + 4*h - 2876 = 0. What is the hundreds digit of o?
7
Let c(a) = a**2 - 6*a - 12. Suppose -65 = -7*s + 2*s + 3*r, -26 = -2*s + 2*r. What is the units digit of c(s)?
9
Suppose 0 = -4*j - j - 3*i + 1124, -4*i - 234 = -j. What is the tens digit of j?
2
Let x = 50 + -46. Suppose -3*c - 39 = -x*c. What is the units digit of c?
9
Let f(v) = v**2 + 7*v - 12. Let x be f(-9). Suppose 470 = -o + x*o. What is the units digit of o?
4
Let o(m) be the first derivative of -m**3/3 - 13*m**2 - 10*m - 18. What is the units digit of o(-23)?
9
Let h(t) = 305*t + 700. What is the units digit of h(10)?
0
Suppose -2*z - 5*o - 2 + 28 = 0, -2*o = -z - 5. Suppose z*p = 3*q + 45, 2*q + 5 = -p - 16. What is the units digit of (-2)/(-2*(-3)/q)?
4
Let h(c) = c**2 - 12*c - 24. Let x be h(13). What is the units digit of (-2)/x + 9658/121?
0
Suppose -4*p = -3*w + 84, w - p = 22 + 6. What is the units digit of w?
8
Let u(n) = 91*n - 9. Let d be u(3). Let l be d/(-4)*6/9. Let m = l + 70. What is the tens digit of m?
2
Suppose -3*x = 3*k - 18, -x - 5*k + 24 = 2*x. Suppose 2*d - 5 + x = 0. Let w = d - -1. What is the units digit of w?
2
What is the units digit of 9 + (-9 - -1 - -1357)?
8
Suppose 0 = 4*p - 2*p. Suppose p = 2*u + 2*u - 24. What is the units digit of u/(4/2) - -2?
5
Suppose -5*y + 12*y = 2380. Suppose -y - 164 = -7*d. What is the units digit of d?
2
Suppose -4*r + r - 2*w + 205 = 0, 0 = -4*r - 3*w + 275. Let q = r + -2. What is the tens digit of q?
6
Let a = 391 - 17. What is the tens digit of a?
7
Let a(y) be the third derivative of 1/15*y**5 + 0*y - 1/4*y**